*c**2 - 512*c - 1243. What is n(39)?
83
Let q(z) = -z**3 - 637*z**2 - 81139*z - 861. Determine q(-461).
522
Let k(r) = 4*r**3 + 1450*r**2 - 868*r - 51551. Calculate k(-363).
-5
Let v(r) = -17950*r + 1130838. What is v(63)?
-12
Let d(f) = -6275*f + 18859. Give d(3).
34
Let v(w) = -w**3 - 4*w**2 - 43*w - 74. Determine v(-4).
98
Let y(q) = 5*q**3 - 46*q**2 + 27*q - 4. Calculate y(6).
-418
Let x(u) = 9*u**3 + 15*u**2 - 165*u + 401. Give x(6).
1895
Let v(a) = 14*a**2 + 34*a - 1. Calculate v(-2).
-13
Let v(r) = 42*r**2 + 106*r - 2663. Calculate v(7).
137
Let t(m) = -212*m**3 + 6568*m**2 + 165*m - 1256. What is t(31)?
15
Let k(v) = 882287*v - 8822870. Calculate k(10).
0
Let l(r) = -422*r + 244800. Give l(580).
40
Let g(s) = -4*s**2 - 809*s - 31031. Calculate g(-51).
-176
Let p(s) = 258*s + 1123. Calculate p(2).
1639
Let s(n) = -66*n - 8052. What is s(-122)?
0
Let v(d) = -3*d**3 - 3057*d**2 + 18458*d - 55. Give v(6).
-7
Let u(m) = -m**2 - 12*m + 340. Calculate u(-28).
-108
Let o(l) = l**3 - 182*l**2 - 325*l + 25953. Determine o(183).
-33
Let b(h) = 20*h**2 + 1689*h + 4018. What is b(-82)?
0
Let x(q) = 113*q**2 - 81592*q + 4499. Give x(722).
167
Let l(v) = 27*v**3 - 35*v**2 + 3*v + 22. What is l(-3)?
-1031
Let d(m) = -m**3 - 56*m**2 + 268*m - 262. Calculate d(-61).
1995
Let u(h) = -5*h**3 + 52*h**2 - 365*h + 3460. Determine u(10).
10
Let t(v) = 13*v**2 + 1333*v + 4562. Calculate t(-99).
8
Let k(p) = 2*p**3 - 126*p**2 + 803*p - 42091. Give k(62).
7
Let a(f) = 2*f**3 + 20*f**2 - 180*f - 466. Calculate a(-15).
-16
Let x(k) = -376*k**2 - 5269*k - 8. Calculate x(-14).
62
Let v(g) = 87*g**2 - 569*g + 509. Give v(5).
-161
Let v(f) = 25171*f + 75561. Determine v(-3).
48
Let u(z) = -2*z**2 - 4182*z - 539556. What is u(-138)?
-528
Let z(f) = -238*f**3 - 44028*f**2 + 374*f - 89. Calculate z(-185).
-829
Let o(d) = 4111*d - 20571. Calculate o(5).
-16
Let s(x) = 551*x - 20834. Calculate s(38).
104
Let q(l) = 731842*l + 4391055. Determine q(-6).
3
Let v(y) = -y**3 + 22*y**2 + 544*y - 11932. Determine v(23).
51
Let d(j) = -94*j - 4410. Give d(-47).
8
Let a(k) = -k**2 - 310*k + 5714. Determine a(20).
-886
Let z(m) = 134084*m - 16894596. What is z(126)?
-12
Let t(m) = -302323*m - 2720945. Give t(-9).
-38
Let q(k) = -4*k**3 - 844*k**2 + 1719*k + 3314. Determine q(-213).
119
Let c(f) = f**2 - 479*f + 49193. What is c(330)?
23
Let o(w) = -21*w**2 + 278*w - 213. Determine o(13).
-148
Let t(p) = 17*p**2 - 112*p - 324. Calculate t(-3).
165
Let u(x) = -1961*x + 109514. Calculate u(56).
-302
Let i(b) = -25*b**2 - 981*b + 3908. What is i(4)?
-416
Let b(i) = 12574*i + 251415. Give b(-20).
-65
Let o(z) = z**3 + 110*z**2 + 815*z - 58. Determine o(-102).
44
Let m(w) = -6*w**3 - 40*w**2 - 49*w - 143. Determine m(-5).
-148
Let i(o) = o**2 + 11*o + 225. Give i(-9).
207
Let r(z) = z**3 + 52*z**2 + 251*z + 943. What is r(-47)?
191
Let p(q) = 154*q**2 - 13*q - 1. Give p(0).
-1
Let s(q) = -2407*q - 11589. Give s(-6).
2853
Let n(l) = 430725*l - 18951896. Give n(44).
4
Let q(d) = d**2 + 156*d + 5292. What is q(-50)?
-8
Let o(y) = -29*y - 2664. What is o(8)?
-2896
Let y(r) = 234*r - 10777. Give y(47).
221
Let a(q) = -6667*q + 40015. Give a(6).
13
Let s(a) = 23*a**2 + 4271*a - 1560. Give s(-186).
-258
Let x(d) = 2*d**2 - 4610*d + 77789. What is x(17)?
-3
Let n(u) = -u**2 + 313*u - 20190. Determine n(91).
12
Let s(r) = -r**3 + r**2 - 593*r - 3538. Give s(-6).
272
Let c(i) = -i**3 - 80*i**2 - 88*i - 600. What is c(-79)?
111
Let t(r) = -10171*r + 58. Give t(0).
58
Let r(o) = -o**3 + 209*o**2 - 288*o - 26105. Give r(207).
-23
Let t(y) = -14*y**3 + 112*y**2 - 256*y + 199. What is t(5)?
-31
Let q(o) = -167*o**2 + 3780*o + 38. Calculate q(22).
2370
Let k(p) = -p**2 + 70*p - 1531. Determine k(28).
-355
Let f(s) = 161*s + 576. What is f(-14)?
-1678
Let j(s) = -15525*s**2 + 93119*s - 15. What is j(6)?
-201
Let x(t) = 3*t**2 - 54*t - 2335. Give x(-21).
122
Let h(z) = -57946*z - 287600. What is h(-5)?
2130
Let b(k) = -99*k**2 - 99*k - 77. Give b(-1).
-77
Let n(q) = -q**3 - 266*q**2 - 578*q - 14612. Give n(-264).
-1412
Let h(j) = -285*j + 8415. Give h(29).
150
Let p(w) = w**3 + 9*w**2 - 99*w - 844. Calculate p(-11).
3
Let a(o) = 768*o + 8829. What is a(-11)?
381
Let v(m) = 12*m**2 + 23368*m - 93434. Calculate v(4).
230
Let w(h) = -19*h**3 - 66*h**2 - 155*h + 112. Give w(-3).
496
Let v(n) = 65*n**2 + 1240*n - 1239. Determine v(1).
66
Let i(x) = 9*x**3 - 21*x**2 + 22*x - 32. Give i(2).
0
Let g(w) = -5*w**2 - 127*w + 949. Determine g(8).
-387
Let i(n) = 271*n - 5760. Calculate i(18).
-882
Let b(c) = 2*c**3 + 35*c**2 - 87*c + 10. Calculate b(2).
-8
Let i(l) = -2*l**3 + 17*l**2 + 50*l + 58. What is i(13)?
-813
Let o(h) = 2*h**3 - 75*h**2 + 652*h - 22619. Give o(37).
136
Let c(s) = -9*s**2 - 333*s + 973. Give c(-40).
-107
Let h(r) = -2*r**3 - 29*r**2 + 1641*r - 762. What is h(22)?
8
Let o(h) = -3*h**2 + 274*h + 3836. Calculate o(97).
2187
Let v(z) = -82600*z + 495638. Determine v(6).
38
Let v(m) = -3*m**3 - 476*m**2 + 70*m - 14073. What is v(-159)?
78
Let p(y) = y**2 + 503*y + 30302. Determine p(-433).
-8
Let j(h) = h**2 - 272*h + 2033. Calculate j(8).
-79
Let z(h) = 105*h**2 - 3977*h - 372. Determine z(38).
122
Let w(z) = -9*z**2 - 290*z - 3639. What is w(-14)?
-1343
Let s(m) = -209944*m - 629825. What is s(-3)?
7
Let g(c) = -c**3 - 94*c**2 + 1057*c + 1764. Give g(-104).
-4
Let b(q) = 181651*q + 24159575. Give b(-133).
-8
Let p(c) = -6*c**2 + 280*c + 2494. Give p(-8).
-130
Let p(z) = 1705*z - 368290. What is p(216)?
-10
Let m(r) = 10*r**2 - 19687*r + 137806. What is m(7)?
487
Let v(g) = g**3 - 398*g**2 - 360*g - 15565. Calculate v(399).
-4
Let k(v) = -v**2 + 502*v - 52124. Calculate k(162).
2956
Let t(f) = 63573*f + 508804. Calculate t(-8).
220
Let k(o) = 58995*o + 30795386. Determine k(-522).
-4
Let k(i) = -i**3 + 25*i**2 + 247*i - 4634. What is k(28)?
-70
Let q(r) = r**2 - 9471*r + 7513762. What is q(874)?
-16
Let i(x) = -x**2 - 30*x + 13488. Give i(102).
24
Let u(d) = -d**3 - 134*d**2 + 300*d + 22258. Determine u(-135).
-17
Let y(q) = 2558*q + 15373. Determine y(-6).
25
Let g(f) = -2953*f - 696889. Determine g(-236).
19
Let y(j) = 1492*j + 188. Calculate y(0).
188
Let t(j) = 1642*j + 49179. What is t(-30)?
-81
Let y(d) = 17*d**2 + 346*d - 2454. Determine y(-26).
42
Let w(h) = 2*h**3 + 102*h**2 - 611*h - 1200. What is w(-56)?
1656
Let r(n) = n**2 - 145*n + 4540. Determine r(99).
-14
Let r(h) = 2*h**3 - 89*h**2 + 55*h - 260. Give r(44).
224
Let k(y) = -1109*y - 746. Give k(-2).
1472
Let d(t) = t**2 + 944*t - 14462. Determine d(15).
-77
Let t(c) = -2*c**2 + 16487*c - 131761. Determine t(8).
7
Let c(d) = d**2 + 232*d - 10545. Determine c(39).
24
Let c(r) = 2*r**3 - 69*r**2 + 567*r + 97. Give c(14).
-1
Let s(r) = r**2 + 9621*r - 1475452. What is s(151)?
120
Let s(c) = c**2 - 3367*c - 129394. What is s(-38)?
-4
Let w(p) = -9*p**2 - 3286*p - 19624. Give w(-359).
121
Let i(o) = o**3 - 57*o**2 - 1420*o + 5238. Determine i(75).
-12
Let l(a) = -58*a**2 - 2274*a - 443. Give l(-39).
25
Let t(f) = 24*f**3 - 17*f**2 - 24*f + 39. Give t(2).
115
Let r(a) = a**3 + 42*a**2 + 67*a - 89. Determine r(-40).
431
Let q(v) = -3*v**3 - 4*v**2 - 19*v + 15. Calculate q(-3).
117
Let m(s) = 21*s**3 - 19*s**2 + 36*s + 23. Calculate m(3).
527
Let y(s) = 19*s**3 - 973*s**2 + 204*s + 83. What is y(51)?
83
Let f(n) = 4*n**3 + 57*n**2 - 78*n - 41. Determine f(-17).
-1894
Let a(q) = 10*q**2 + 10067*q + 70338. Calculate a(-7).
359
Let m(x) = -7613*x - 281398. What is m(-37)?
283
Let g(x) = 7825*x - 469499. Give g(60).
1
Let d(x) = -6*x**3 + 7*x**2 - 2691*x - 5396. Calculate d(-2).
62
Let j(g) = -5*g**3 + 127*g**2 - 125*g + 40. Give j(25).
-1835
Let i(t) = -5*t**2 - 2844*t + 11456. Calculate i(4).
0
Let k(w) = -952911*w + 14293663. What is k(15)?
-2
Let l(a) = -197*a + 28004. Determine l(144).
-364
Let t(c) = -152*c + 19445. Determine t(128).
-11
Let v(x) = 2*x**3 + 3764*x**2 + 18802*x + 146. Give v(-5).
-14
Let o(y) = -124*y**2 - 3435*y - 17226. Give o(-5).
-3151
Let o(l) = -35992*l - 179779. Calculate o(-5).
181
Let n(y) = -15*y + 1878. Calculate n(91).
513
Let z(n) = n**3 - 16*n**2 + 22*n - 242. Calculate z(16).
110
Let b(d) = -d**3 + 150*d**2 - 1759*d - 13870. What is b(19)?
0
Let o(s) = 5*s**2 - 4081*s + 64799. What is o(800)?
-1
Let t(j